{"id":327,"date":"2023-05-24T07:38:05","date_gmt":"2023-05-24T05:38:05","guid":{"rendered":"https:\/\/talentesk.com\/?page_id=327"},"modified":"2023-06-14T13:28:22","modified_gmt":"2023-06-14T11:28:22","slug":"nos-joueurs","status":"publish","type":"page","link":"https:\/\/talentesk.com\/index.php\/nos-joueurs\/","title":{"rendered":"Agent FIFA"},"content":{"rendered":"\t\t<div data-elementor-type=\"wp-page\" data-elementor-id=\"327\" class=\"elementor elementor-327\">\n\t\t\t\t\t\t\t\t\t<section class=\"elementor-section elementor-top-section elementor-element elementor-element-7cb8e9c elementor-section-height-min-height elementor-section-boxed elementor-section-height-default elementor-section-items-middle\" data-id=\"7cb8e9c\" data-element_type=\"section\" data-settings=\"{&quot;background_background&quot;:&quot;gradient&quot;}\">\n\t\t\t\t\t\t\t<div class=\"elementor-background-overlay\"><\/div>\n\t\t\t\t\t\t\t<div class=\"elementor-container elementor-column-gap-no\">\n\t\t\t\t\t<div class=\"elementor-column elementor-col-100 elementor-top-column elementor-element elementor-element-c9c2428\" data-id=\"c9c2428\" data-element_type=\"column\">\n\t\t\t<div class=\"elementor-widget-wrap elementor-element-populated\">\n\t\t\t\t\t\t\t\t<div class=\"elementor-element elementor-element-af64043 elementor-widget elementor-widget-heading\" data-id=\"af64043\" data-element_type=\"widget\" data-widget_type=\"heading.default\">\n\t\t\t\t<div class=\"elementor-widget-container\">\n\t\t\t<style>\/*! elementor - v3.13.3 - 28-05-2023 *\/\n.elementor-heading-title{padding:0;margin:0;line-height:1}.elementor-widget-heading .elementor-heading-title[class*=elementor-size-]>a{color:inherit;font-size:inherit;line-height:inherit}.elementor-widget-heading .elementor-heading-title.elementor-size-small{font-size:15px}.elementor-widget-heading .elementor-heading-title.elementor-size-medium{font-size:19px}.elementor-widget-heading .elementor-heading-title.elementor-size-large{font-size:29px}.elementor-widget-heading .elementor-heading-title.elementor-size-xl{font-size:39px}.elementor-widget-heading .elementor-heading-title.elementor-size-xxl{font-size:59px}<\/style><h1 class=\"elementor-heading-title elementor-size-default\">AGENT FIFA<\/h1>\t\t<\/div>\n\t\t\t\t<\/div>\n\t\t\t\t<div class=\"elementor-element elementor-element-ad262b9 elementor-invisible elementor-widget elementor-widget-spacer\" data-id=\"ad262b9\" data-element_type=\"widget\" data-settings=\"{&quot;_animation&quot;:&quot;fadeInUp&quot;}\" data-widget_type=\"spacer.default\">\n\t\t\t\t<div class=\"elementor-widget-container\">\n\t\t\t<style>\/*! elementor - v3.13.3 - 28-05-2023 *\/\n.elementor-column .elementor-spacer-inner{height:var(--spacer-size)}.e-con{--container-widget-width:100%}.e-con-inner>.elementor-widget-spacer,.e-con>.elementor-widget-spacer{width:var(--container-widget-width,var(--spacer-size));--align-self:var(--container-widget-align-self,initial);--flex-shrink:0}.e-con-inner>.elementor-widget-spacer>.elementor-widget-container,.e-con-inner>.elementor-widget-spacer>.elementor-widget-container>.elementor-spacer,.e-con>.elementor-widget-spacer>.elementor-widget-container,.e-con>.elementor-widget-spacer>.elementor-widget-container>.elementor-spacer{height:100%}.e-con-inner>.elementor-widget-spacer>.elementor-widget-container>.elementor-spacer>.elementor-spacer-inner,.e-con>.elementor-widget-spacer>.elementor-widget-container>.elementor-spacer>.elementor-spacer-inner{height:var(--container-widget-height,var(--spacer-size))}<\/style>\t\t<div class=\"elementor-spacer\">\n\t\t\t<div class=\"elementor-spacer-inner\"><\/div>\n\t\t<\/div>\n\t\t\t\t<\/div>\n\t\t\t\t<\/div>\n\t\t\t\t\t<\/div>\n\t\t<\/div>\n\t\t\t\t\t\t\t<\/div>\n\t\t<\/section>\n\t\t\t\t<section class=\"elementor-section elementor-top-section elementor-element elementor-element-1acbcb9 elementor-section-stretched elementor-section-boxed elementor-section-height-default elementor-section-height-default\" data-id=\"1acbcb9\" data-element_type=\"section\" data-settings=\"{&quot;background_background&quot;:&quot;classic&quot;,&quot;stretch_section&quot;:&quot;section-stretched&quot;}\">\n\t\t\t\t\t\t<div class=\"elementor-container elementor-column-gap-default\">\n\t\t\t\t\t<div class=\"elementor-column elementor-col-100 elementor-top-column elementor-element elementor-element-b7c3f0b\" data-id=\"b7c3f0b\" data-element_type=\"column\">\n\t\t\t<div class=\"elementor-widget-wrap elementor-element-populated\">\n\t\t\t\t\t\t\t\t<div class=\"elementor-element elementor-element-26b4f54 elementor-widget elementor-widget-text-editor\" data-id=\"26b4f54\" data-element_type=\"widget\" data-widget_type=\"text-editor.default\">\n\t\t\t\t<div class=\"elementor-widget-container\">\n\t\t\t<style>\/*! elementor - v3.13.3 - 28-05-2023 *\/\n.elementor-widget-text-editor.elementor-drop-cap-view-stacked .elementor-drop-cap{background-color:#69727d;color:#fff}.elementor-widget-text-editor.elementor-drop-cap-view-framed .elementor-drop-cap{color:#69727d;border:3px solid;background-color:transparent}.elementor-widget-text-editor:not(.elementor-drop-cap-view-default) .elementor-drop-cap{margin-top:8px}.elementor-widget-text-editor:not(.elementor-drop-cap-view-default) .elementor-drop-cap-letter{width:1em;height:1em}.elementor-widget-text-editor .elementor-drop-cap{float:left;text-align:center;line-height:1;font-size:50px}.elementor-widget-text-editor .elementor-drop-cap-letter{display:inline-block}<\/style>\t\t\t\t<p><!-- wp:paragraph {\"align\":\"center\"} --><\/p>\n<p style=\"text-align: center;\"><strong>Cr\u00e9er votre avenir avec ESK<\/strong><\/p>\n<p><!-- \/wp:paragraph --><!-- wp:paragraph --><\/p>\n<p>Chez ESK, nous fa\u00e7onnons l&rsquo;avenir. Notre devise ? \u00ab\u00a0La meilleure fa\u00e7on de pr\u00e9dire l&rsquo;avenir, c&rsquo;est de le cr\u00e9er\u00a0\u00bb. Nous incarnons la d\u00e9termination, la discipline et le travail.<\/p>\n<p><!-- \/wp:paragraph --><!-- wp:paragraph {\"align\":\"center\"} --><\/p>\n<p class=\"has-text-align-center\"><strong>Port\u00e9e Internationale<\/strong><\/p>\n<p><!-- \/wp:paragraph --><!-- wp:paragraph --><\/p>\n<p>Notre agence a une envergure internationale. Nous disposons d&rsquo;un r\u00e9seau vaste et diversifi\u00e9. Il ouvre les portes des plus grands clubs et comp\u00e9titions mondiales.<\/p>\n<p><!-- \/wp:paragraph --><!-- wp:paragraph {\"align\":\"center\"} --><\/p>\n<p class=\"has-text-align-center\"><strong>Une \u00c9quipe d&rsquo;Experts<\/strong><\/p>\n<p><!-- \/wp:paragraph --><!-- wp:paragraph --><\/p>\n<p>Notre \u00e9quipe se compose d&rsquo;experts d\u00e9vou\u00e9s. Ils fournissent un service personnalis\u00e9. Chaque joueur est unique. Nous accordons une attention particuli\u00e8re \u00e0 votre potentiel et \u00e0 vos aspirations.<\/p>\n<p><!-- \/wp:paragraph --><!-- wp:paragraph {\"align\":\"center\"} --><\/p>\n<p class=\"has-text-align-center\"><strong>Th\u00e9rapeute en PNL \u00e0 votre disposition<\/strong><\/p>\n<p><!-- \/wp:paragraph --><!-- wp:paragraph --><\/p>\n<p>Pour renforcer vos performances et votre \u00e9quilibre mental, ESK offre l&rsquo;accompagnement d&rsquo;une th\u00e9rapeute sp\u00e9cialis\u00e9e en PNL. Cette approche aide \u00e0 optimiser votre confiance, votre communication et votre adaptation aux d\u00e9fis du football. C&rsquo;est un soutien pr\u00e9cieux pour exceller sur le terrain et au-del\u00e0.<\/p>\n<p><!-- \/wp:paragraph --><!-- wp:paragraph {\"align\":\"center\"} --><\/p>\n<p class=\"has-text-align-center\"><strong>Plus que des N\u00e9gociateurs<\/strong><\/p>\n<p><!-- \/wp:paragraph --><!-- wp:paragraph --><\/p>\n<p>Nous ne sommes pas de simples n\u00e9gociateurs de contrats. Nous vous offrons un accompagnement complet. Transferts, contrats de sponsoring, relations publiques, nous g\u00e9rons tout.<\/p>\n<p><!-- \/wp:paragraph --><!-- wp:paragraph {\"align\":\"center\"} --><\/p>\n<p class=\"has-text-align-center\"><strong>Gestion de Patrimoine<\/strong><\/p>\n<p><!-- \/wp:paragraph --><!-- wp:paragraph --><\/p>\n<p>Comprendre que vous avez aussi des objectifs financiers est essentiel pour nous. C&rsquo;est pourquoi nous avons int\u00e9gr\u00e9 la gestion de patrimoine \u00e0 nos services. Nos experts financiers veillent \u00e0 votre s\u00e9curit\u00e9 financi\u00e8re \u00e0 long terme.<\/p>\n<p><!-- \/wp:paragraph --><!-- wp:paragraph {\"align\":\"center\"} --><\/p>\n<p class=\"has-text-align-center\"><strong>Pr\u00e9paration de l&rsquo;Apr\u00e8s-Carri\u00e8re<\/strong><\/p>\n<p><!-- \/wp:paragraph --><!-- wp:paragraph --><\/p>\n<p>Nous vous aidons \u00e0 pr\u00e9parer votre apr\u00e8s-carri\u00e8re. Gr\u00e2ce \u00e0 nos partenariats, nous offrons un environnement stable et s\u00e9curis\u00e9.<\/p>\n<p><!-- \/wp:paragraph --><!-- wp:paragraph {\"align\":\"center\"} --><\/p>\n<p class=\"has-text-align-center\"><strong>Un Engagement Fort<\/strong><\/p>\n<p><!-- \/wp:paragraph --><!-- wp:paragraph --><\/p>\n<p>Notre engagement ? Maximiser votre potentiel, sur le terrain comme en dehors. Nous nous investissons pour que chaque joueur que nous repr\u00e9sentons r\u00e9alise ses r\u00eaves.<\/p>\n<p><!-- \/wp:paragraph --><!-- wp:paragraph {\"align\":\"center\"} --><\/p>\n<p class=\"has-text-align-center\"><strong>Rejoignez ESK<\/strong><\/p>\n<p><!-- \/wp:paragraph --><!-- wp:paragraph --><\/p>\n<p>Rejoignez ESK pour cr\u00e9er votre avenir. Ensemble, faisons de vos r\u00eaves une r\u00e9alit\u00e9.<\/p>\n<p><!-- \/wp:paragraph --><\/p>\t\t\t\t\t\t<\/div>\n\t\t\t\t<\/div>\n\t\t\t\t<div class=\"elementor-element elementor-element-cff0589 elementor-align-center elementor-widget elementor-widget-button\" data-id=\"cff0589\" data-element_type=\"widget\" data-widget_type=\"button.default\">\n\t\t\t\t<div class=\"elementor-widget-container\">\n\t\t\t\t\t<div class=\"elementor-button-wrapper\">\n\t\t\t<a href=\"https:\/\/talentesk.com\/index.php\/contact\/\" class=\"elementor-button-link elementor-button elementor-size-md\" role=\"button\">\n\t\t\t\t\t\t<span class=\"elementor-button-content-wrapper\">\n\t\t\t\t\t\t<span class=\"elementor-button-text\">Contactez-nous<\/span>\n\t\t<\/span>\n\t\t\t\t\t<\/a>\n\t\t<\/div>\n\t\t\t\t<\/div>\n\t\t\t\t<\/div>\n\t\t\t\t\t<\/div>\n\t\t<\/div>\n\t\t\t\t\t\t\t<\/div>\n\t\t<\/section>\n\t\t\t\t\t\t\t<\/div>\n\t\t","protected":false},"excerpt":{"rendered":"<p>AGENT FIFA Cr\u00e9er votre avenir avec ESK Chez ESK, nous fa\u00e7onnons l&rsquo;avenir. Notre devise ? \u00ab\u00a0La meilleure fa\u00e7on de pr\u00e9dire l&rsquo;avenir, c&rsquo;est de le cr\u00e9er\u00a0\u00bb. Nous incarnons la d\u00e9termination, la discipline et le travail. Port\u00e9e Internationale Notre agence a une envergure internationale. Nous disposons d&rsquo;un r\u00e9seau vaste et diversifi\u00e9. Il ouvre les portes des plus &hellip; <\/p>\n<p class=\"link-more\"><a href=\"https:\/\/talentesk.com\/index.php\/nos-joueurs\/\" class=\"more-link\">Lire la suite de<span class=\"screen-reader-text\">\u00ab\u00a0Agent FIFA\u00a0\u00bb<\/span><\/a><\/p>\n","protected":false},"author":1,"featured_media":0,"parent":0,"menu_order":0,"comment_status":"closed","ping_status":"closed","template":"page-templates\/homepage-builder-bb.php","meta":[],"yoast_head":"<!-- This site is optimized with the Yoast SEO plugin v20.9 - https:\/\/yoast.com\/wordpress\/plugins\/seo\/ -->\n<title>Agent FIFA -<\/title>\n<meta name=\"robots\" content=\"index, follow, max-snippet:-1, max-image-preview:large, max-video-preview:-1\" \/>\n<link rel=\"canonical\" href=\"https:\/\/talentesk.com\/index.php\/accueil__trashed\/nos-joueurs\/\" \/>\n<meta property=\"og:locale\" content=\"fr_FR\" \/>\n<meta property=\"og:type\" content=\"article\" \/>\n<meta property=\"og:title\" content=\"Agent FIFA -\" \/>\n<meta property=\"og:description\" content=\"AGENT FIFA Cr\u00e9er votre avenir avec ESK Chez ESK, nous fa\u00e7onnons l&rsquo;avenir. Notre devise ? \u00ab\u00a0La meilleure fa\u00e7on de pr\u00e9dire l&rsquo;avenir, c&rsquo;est de le cr\u00e9er\u00a0\u00bb. Nous incarnons la d\u00e9termination, la discipline et le travail. Port\u00e9e Internationale Notre agence a une envergure internationale. Nous disposons d&rsquo;un r\u00e9seau vaste et diversifi\u00e9. Il ouvre les portes des plus &hellip; Lire la suite de\u00ab\u00a0Agent FIFA\u00a0\u00bb\" \/>\n<meta property=\"og:url\" content=\"https:\/\/talentesk.com\/index.php\/accueil__trashed\/nos-joueurs\/\" \/>\n<meta property=\"article:modified_time\" content=\"2023-06-14T11:28:22+00:00\" \/>\n<meta name=\"twitter:card\" content=\"summary_large_image\" \/>\n<meta name=\"twitter:label1\" content=\"Dur\u00e9e de lecture estim\u00e9e\" \/>\n\t<meta name=\"twitter:data1\" content=\"2 minutes\" \/>\n<script type=\"application\/ld+json\" class=\"yoast-schema-graph\">{\"@context\":\"https:\/\/schema.org\",\"@graph\":[{\"@type\":\"WebPage\",\"@id\":\"https:\/\/talentesk.com\/index.php\/accueil__trashed\/nos-joueurs\/\",\"url\":\"https:\/\/talentesk.com\/index.php\/accueil__trashed\/nos-joueurs\/\",\"name\":\"Agent FIFA -\",\"isPartOf\":{\"@id\":\"https:\/\/talentesk.com\/#website\"},\"datePublished\":\"2023-05-24T05:38:05+00:00\",\"dateModified\":\"2023-06-14T11:28:22+00:00\",\"breadcrumb\":{\"@id\":\"https:\/\/talentesk.com\/index.php\/accueil__trashed\/nos-joueurs\/#breadcrumb\"},\"inLanguage\":\"fr-FR\",\"potentialAction\":[{\"@type\":\"ReadAction\",\"target\":[\"https:\/\/talentesk.com\/index.php\/accueil__trashed\/nos-joueurs\/\"]}]},{\"@type\":\"BreadcrumbList\",\"@id\":\"https:\/\/talentesk.com\/index.php\/accueil__trashed\/nos-joueurs\/#breadcrumb\",\"itemListElement\":[{\"@type\":\"ListItem\",\"position\":1,\"name\":\"Accueil\",\"item\":\"https:\/\/talentesk.com\/\"},{\"@type\":\"ListItem\",\"position\":2,\"name\":\"Agent FIFA\"}]},{\"@type\":\"WebSite\",\"@id\":\"https:\/\/talentesk.com\/#website\",\"url\":\"https:\/\/talentesk.com\/\",\"name\":\"\",\"description\":\"\",\"potentialAction\":[{\"@type\":\"SearchAction\",\"target\":{\"@type\":\"EntryPoint\",\"urlTemplate\":\"https:\/\/talentesk.com\/?s={search_term_string}\"},\"query-input\":\"required name=search_term_string\"}],\"inLanguage\":\"fr-FR\"}]}<\/script>\n<!-- \/ Yoast SEO plugin. -->","yoast_head_json":{"title":"Agent FIFA -","robots":{"index":"index","follow":"follow","max-snippet":"max-snippet:-1","max-image-preview":"max-image-preview:large","max-video-preview":"max-video-preview:-1"},"canonical":"https:\/\/talentesk.com\/index.php\/accueil__trashed\/nos-joueurs\/","og_locale":"fr_FR","og_type":"article","og_title":"Agent FIFA -","og_description":"AGENT FIFA Cr\u00e9er votre avenir avec ESK Chez ESK, nous fa\u00e7onnons l&rsquo;avenir. Notre devise ? \u00ab\u00a0La meilleure fa\u00e7on de pr\u00e9dire l&rsquo;avenir, c&rsquo;est de le cr\u00e9er\u00a0\u00bb. Nous incarnons la d\u00e9termination, la discipline et le travail. Port\u00e9e Internationale Notre agence a une envergure internationale. Nous disposons d&rsquo;un r\u00e9seau vaste et diversifi\u00e9. Il ouvre les portes des plus &hellip; Lire la suite de\u00ab\u00a0Agent FIFA\u00a0\u00bb","og_url":"https:\/\/talentesk.com\/index.php\/accueil__trashed\/nos-joueurs\/","article_modified_time":"2023-06-14T11:28:22+00:00","twitter_card":"summary_large_image","twitter_misc":{"Dur\u00e9e de lecture estim\u00e9e":"2 minutes"},"schema":{"@context":"https:\/\/schema.org","@graph":[{"@type":"WebPage","@id":"https:\/\/talentesk.com\/index.php\/accueil__trashed\/nos-joueurs\/","url":"https:\/\/talentesk.com\/index.php\/accueil__trashed\/nos-joueurs\/","name":"Agent FIFA -","isPartOf":{"@id":"https:\/\/talentesk.com\/#website"},"datePublished":"2023-05-24T05:38:05+00:00","dateModified":"2023-06-14T11:28:22+00:00","breadcrumb":{"@id":"https:\/\/talentesk.com\/index.php\/accueil__trashed\/nos-joueurs\/#breadcrumb"},"inLanguage":"fr-FR","potentialAction":[{"@type":"ReadAction","target":["https:\/\/talentesk.com\/index.php\/accueil__trashed\/nos-joueurs\/"]}]},{"@type":"BreadcrumbList","@id":"https:\/\/talentesk.com\/index.php\/accueil__trashed\/nos-joueurs\/#breadcrumb","itemListElement":[{"@type":"ListItem","position":1,"name":"Accueil","item":"https:\/\/talentesk.com\/"},{"@type":"ListItem","position":2,"name":"Agent FIFA"}]},{"@type":"WebSite","@id":"https:\/\/talentesk.com\/#website","url":"https:\/\/talentesk.com\/","name":"","description":"","potentialAction":[{"@type":"SearchAction","target":{"@type":"EntryPoint","urlTemplate":"https:\/\/talentesk.com\/?s={search_term_string}"},"query-input":"required name=search_term_string"}],"inLanguage":"fr-FR"}]}},"_links":{"self":[{"href":"https:\/\/talentesk.com\/index.php\/wp-json\/wp\/v2\/pages\/327"}],"collection":[{"href":"https:\/\/talentesk.com\/index.php\/wp-json\/wp\/v2\/pages"}],"about":[{"href":"https:\/\/talentesk.com\/index.php\/wp-json\/wp\/v2\/types\/page"}],"author":[{"embeddable":true,"href":"https:\/\/talentesk.com\/index.php\/wp-json\/wp\/v2\/users\/1"}],"replies":[{"embeddable":true,"href":"https:\/\/talentesk.com\/index.php\/wp-json\/wp\/v2\/comments?post=327"}],"version-history":[{"count":37,"href":"https:\/\/talentesk.com\/index.php\/wp-json\/wp\/v2\/pages\/327\/revisions"}],"predecessor-version":[{"id":1096,"href":"https:\/\/talentesk.com\/index.php\/wp-json\/wp\/v2\/pages\/327\/revisions\/1096"}],"wp:attachment":[{"href":"https:\/\/talentesk.com\/index.php\/wp-json\/wp\/v2\/media?parent=327"}],"curies":[{"name":"wp","href":"https:\/\/api.w.org\/{rel}","templated":true}]}}