{"id":451,"date":"2023-05-26T11:00:57","date_gmt":"2023-05-26T09:00:57","guid":{"rendered":"https:\/\/talentesk.com\/?page_id=451"},"modified":"2023-06-07T10:56:47","modified_gmt":"2023-06-07T08:56:47","slug":"benevoles","status":"publish","type":"page","link":"https:\/\/talentesk.com\/index.php\/benevoles\/","title":{"rendered":"B\u00e9n\u00e9voles"},"content":{"rendered":"\n<p class=\"has-text-align-center\"><strong>Engagez-vous \u00e0 nos c\u00f4t\u00e9s pour faire une diff\u00e9rence<\/strong><\/p>\n\n\n\n<p>Le football est plus qu&rsquo;un simple sport. C&rsquo;est un outil puissant qui peut transformer des vies, et nous avons besoin de vous pour aider \u00e0 faire cette diff\u00e9rence. En devenant b\u00e9n\u00e9vole au sein de notre association, vous contribuerez \u00e0 aider les jeunes d\u00e9favoris\u00e9s \u00e0 travers des activit\u00e9s de football.<\/p>\n\n\n\n<p class=\"has-text-align-center\"><strong>Pourquoi devenir b\u00e9n\u00e9vole ?<\/strong><\/p>\n\n\n\n<p>En tant que b\u00e9n\u00e9vole, vous aurez l&rsquo;opportunit\u00e9 d&rsquo;apporter une contribution significative \u00e0 la vie des jeunes que nous soutenons. En plus de partager votre passion pour le football, vous aiderez \u00e0 cr\u00e9er un environnement s\u00fbr, stimulant et divertissant o\u00f9 ces jeunes pourront s&rsquo;\u00e9panouir.<\/p>\n\n\n\n<p>De plus, le b\u00e9n\u00e9volat est une excellente fa\u00e7on d&rsquo;acqu\u00e9rir de nouvelles comp\u00e9tences, de rencontrer de nouvelles personnes et de vous investir dans une cause qui vous tient \u00e0 c\u0153ur.<\/p>\n\n\n\n<p class=\"has-text-align-center\"><strong>Qui peut devenir b\u00e9n\u00e9vole ?<\/strong><\/p>\n\n\n\n<p>Toute personne souhaitant aider est la bienvenue, qu&rsquo;elle ait une exp\u00e9rience pr\u00e9alable du football ou non. Nous recherchons des personnes d\u00e9vou\u00e9es, passionn\u00e9es et pr\u00eates \u00e0 s&rsquo;engager \u00e0 nos c\u00f4t\u00e9s pour apporter du bonheur et de l&rsquo;espoir aux jeunes.<\/p>\n\n\n\n<p class=\"has-text-align-center\"><strong>Comment devenir b\u00e9n\u00e9vole ?<\/strong><\/p>\n\n\n\n<p>Si vous \u00eates pr\u00eat \u00e0 faire partie de notre \u00e9quipe dynamique et d\u00e9vou\u00e9e, il suffit de nous contacter sur Whatsapp au +330756853855, ou directement \u00e0 l&rsquo;adresse samir.essadiki@talentesk.com. Nous serons ravis de vous accueillir et de discuter de la meilleure fa\u00e7on dont vous pourriez contribuer \u00e0 notre cause.<\/p>\n\n\n\n<p>Ensemble, nous pouvons cr\u00e9er un avenir meilleur pour les jeunes d\u00e9favoris\u00e9s en leur donnant l&rsquo;opportunit\u00e9 de s&rsquo;\u00e9panouir gr\u00e2ce au football. N&rsquo;h\u00e9sitez plus, rejoignez-nous !<\/p>\n\n\n\n<div style=\"height:100px\" aria-hidden=\"true\" class=\"wp-block-spacer\"><\/div>\n\n\n\n<div class=\"wp-block-buttons is-content-justification-center is-layout-flex wp-container-1\">\n<div class=\"wp-block-button\"><a class=\"wp-block-button__link wp-element-button\" href=\"https:\/\/talentesk.com\/index.php\/contact\/\">CONTACTEZ NOUS<\/a><\/div>\n<\/div>\n\n\n\n<div style=\"height:100px\" aria-hidden=\"true\" class=\"wp-block-spacer\"><\/div>\n","protected":false},"excerpt":{"rendered":"<p>Engagez-vous \u00e0 nos c\u00f4t\u00e9s pour faire une diff\u00e9rence Le football est plus qu&rsquo;un simple sport. C&rsquo;est un outil puissant qui peut transformer des vies, et nous avons besoin de vous pour aider \u00e0 faire cette diff\u00e9rence. En devenant b\u00e9n\u00e9vole au sein de notre association, vous contribuerez \u00e0 aider les jeunes d\u00e9favoris\u00e9s \u00e0 travers des activit\u00e9s &hellip; <\/p>\n<p class=\"link-more\"><a href=\"https:\/\/talentesk.com\/index.php\/benevoles\/\" class=\"more-link\">Lire la suite de<span class=\"screen-reader-text\">\u00ab\u00a0B\u00e9n\u00e9voles\u00a0\u00bb<\/span><\/a><\/p>\n","protected":false},"author":1,"featured_media":0,"parent":0,"menu_order":0,"comment_status":"closed","ping_status":"closed","template":"","meta":[],"yoast_head":"<!-- This site is optimized with the Yoast SEO plugin v20.9 - https:\/\/yoast.com\/wordpress\/plugins\/seo\/ -->\n<title>B\u00e9n\u00e9voles -<\/title>\n<meta name=\"robots\" content=\"index, follow, max-snippet:-1, max-image-preview:large, max-video-preview:-1\" \/>\n<link rel=\"canonical\" href=\"https:\/\/talentesk.com\/index.php\/benevoles\/\" \/>\n<meta property=\"og:locale\" content=\"fr_FR\" \/>\n<meta property=\"og:type\" content=\"article\" \/>\n<meta property=\"og:title\" content=\"B\u00e9n\u00e9voles -\" \/>\n<meta property=\"og:description\" content=\"Engagez-vous \u00e0 nos c\u00f4t\u00e9s pour faire une diff\u00e9rence Le football est plus qu&rsquo;un simple sport. C&rsquo;est un outil puissant qui peut transformer des vies, et nous avons besoin de vous pour aider \u00e0 faire cette diff\u00e9rence. En devenant b\u00e9n\u00e9vole au sein de notre association, vous contribuerez \u00e0 aider les jeunes d\u00e9favoris\u00e9s \u00e0 travers des activit\u00e9s &hellip; Lire la suite de\u00ab\u00a0B\u00e9n\u00e9voles\u00a0\u00bb\" \/>\n<meta property=\"og:url\" content=\"https:\/\/talentesk.com\/index.php\/benevoles\/\" \/>\n<meta property=\"article:modified_time\" content=\"2023-06-07T08:56:47+00:00\" \/>\n<meta name=\"twitter:card\" content=\"summary_large_image\" \/>\n<meta name=\"twitter:label1\" content=\"Dur\u00e9e de lecture estim\u00e9e\" \/>\n\t<meta name=\"twitter:data1\" content=\"2 minutes\" \/>\n<script type=\"application\/ld+json\" class=\"yoast-schema-graph\">{\"@context\":\"https:\/\/schema.org\",\"@graph\":[{\"@type\":\"WebPage\",\"@id\":\"https:\/\/talentesk.com\/index.php\/benevoles\/\",\"url\":\"https:\/\/talentesk.com\/index.php\/benevoles\/\",\"name\":\"B\u00e9n\u00e9voles -\",\"isPartOf\":{\"@id\":\"https:\/\/talentesk.com\/#website\"},\"datePublished\":\"2023-05-26T09:00:57+00:00\",\"dateModified\":\"2023-06-07T08:56:47+00:00\",\"breadcrumb\":{\"@id\":\"https:\/\/talentesk.com\/index.php\/benevoles\/#breadcrumb\"},\"inLanguage\":\"fr-FR\",\"potentialAction\":[{\"@type\":\"ReadAction\",\"target\":[\"https:\/\/talentesk.com\/index.php\/benevoles\/\"]}]},{\"@type\":\"BreadcrumbList\",\"@id\":\"https:\/\/talentesk.com\/index.php\/benevoles\/#breadcrumb\",\"itemListElement\":[{\"@type\":\"ListItem\",\"position\":1,\"name\":\"Accueil\",\"item\":\"https:\/\/talentesk.com\/\"},{\"@type\":\"ListItem\",\"position\":2,\"name\":\"B\u00e9n\u00e9voles\"}]},{\"@type\":\"WebSite\",\"@id\":\"https:\/\/talentesk.com\/#website\",\"url\":\"https:\/\/talentesk.com\/\",\"name\":\"\",\"description\":\"\",\"potentialAction\":[{\"@type\":\"SearchAction\",\"target\":{\"@type\":\"EntryPoint\",\"urlTemplate\":\"https:\/\/talentesk.com\/?s={search_term_string}\"},\"query-input\":\"required name=search_term_string\"}],\"inLanguage\":\"fr-FR\"}]}<\/script>\n<!-- \/ Yoast SEO plugin. -->","yoast_head_json":{"title":"B\u00e9n\u00e9voles -","robots":{"index":"index","follow":"follow","max-snippet":"max-snippet:-1","max-image-preview":"max-image-preview:large","max-video-preview":"max-video-preview:-1"},"canonical":"https:\/\/talentesk.com\/index.php\/benevoles\/","og_locale":"fr_FR","og_type":"article","og_title":"B\u00e9n\u00e9voles -","og_description":"Engagez-vous \u00e0 nos c\u00f4t\u00e9s pour faire une diff\u00e9rence Le football est plus qu&rsquo;un simple sport. C&rsquo;est un outil puissant qui peut transformer des vies, et nous avons besoin de vous pour aider \u00e0 faire cette diff\u00e9rence. En devenant b\u00e9n\u00e9vole au sein de notre association, vous contribuerez \u00e0 aider les jeunes d\u00e9favoris\u00e9s \u00e0 travers des activit\u00e9s &hellip; Lire la suite de\u00ab\u00a0B\u00e9n\u00e9voles\u00a0\u00bb","og_url":"https:\/\/talentesk.com\/index.php\/benevoles\/","article_modified_time":"2023-06-07T08:56:47+00:00","twitter_card":"summary_large_image","twitter_misc":{"Dur\u00e9e de lecture estim\u00e9e":"2 minutes"},"schema":{"@context":"https:\/\/schema.org","@graph":[{"@type":"WebPage","@id":"https:\/\/talentesk.com\/index.php\/benevoles\/","url":"https:\/\/talentesk.com\/index.php\/benevoles\/","name":"B\u00e9n\u00e9voles -","isPartOf":{"@id":"https:\/\/talentesk.com\/#website"},"datePublished":"2023-05-26T09:00:57+00:00","dateModified":"2023-06-07T08:56:47+00:00","breadcrumb":{"@id":"https:\/\/talentesk.com\/index.php\/benevoles\/#breadcrumb"},"inLanguage":"fr-FR","potentialAction":[{"@type":"ReadAction","target":["https:\/\/talentesk.com\/index.php\/benevoles\/"]}]},{"@type":"BreadcrumbList","@id":"https:\/\/talentesk.com\/index.php\/benevoles\/#breadcrumb","itemListElement":[{"@type":"ListItem","position":1,"name":"Accueil","item":"https:\/\/talentesk.com\/"},{"@type":"ListItem","position":2,"name":"B\u00e9n\u00e9voles"}]},{"@type":"WebSite","@id":"https:\/\/talentesk.com\/#website","url":"https:\/\/talentesk.com\/","name":"","description":"","potentialAction":[{"@type":"SearchAction","target":{"@type":"EntryPoint","urlTemplate":"https:\/\/talentesk.com\/?s={search_term_string}"},"query-input":"required name=search_term_string"}],"inLanguage":"fr-FR"}]}},"_links":{"self":[{"href":"https:\/\/talentesk.com\/index.php\/wp-json\/wp\/v2\/pages\/451"}],"collection":[{"href":"https:\/\/talentesk.com\/index.php\/wp-json\/wp\/v2\/pages"}],"about":[{"href":"https:\/\/talentesk.com\/index.php\/wp-json\/wp\/v2\/types\/page"}],"author":[{"embeddable":true,"href":"https:\/\/talentesk.com\/index.php\/wp-json\/wp\/v2\/users\/1"}],"replies":[{"embeddable":true,"href":"https:\/\/talentesk.com\/index.php\/wp-json\/wp\/v2\/comments?post=451"}],"version-history":[{"count":5,"href":"https:\/\/talentesk.com\/index.php\/wp-json\/wp\/v2\/pages\/451\/revisions"}],"predecessor-version":[{"id":512,"href":"https:\/\/talentesk.com\/index.php\/wp-json\/wp\/v2\/pages\/451\/revisions\/512"}],"wp:attachment":[{"href":"https:\/\/talentesk.com\/index.php\/wp-json\/wp\/v2\/media?parent=451"}],"curies":[{"name":"wp","href":"https:\/\/api.w.org\/{rel}","templated":true}]}}